{"id":3095,"date":"2023-07-14T17:43:18","date_gmt":"2023-07-14T15:43:18","guid":{"rendered":"https:\/\/www.aok.de\/plus-ewiko\/plus-ewiko\/produkte\/toolbox-copy\/"},"modified":"2026-03-19T17:29:04","modified_gmt":"2026-03-19T16:29:04","slug":"praxisleitfaeden","status":"publish","type":"page","link":"https:\/\/www.aok.de\/plus-ewiko\/produkte\/praxisleitfaeden\/","title":{"rendered":"Praxisleitf\u00e4den"},"content":{"rendered":"\t\t<div data-elementor-type=\"wp-page\" data-elementor-id=\"3095\" class=\"elementor elementor-3095\" data-elementor-post-type=\"page\">\n\t\t\t\t<div class=\"elementor-element elementor-element-66c8bef e-flex e-con-boxed e-con e-parent\" data-id=\"66c8bef\" data-element_type=\"container\" data-e-type=\"container\">\n\t\t\t\t\t<div class=\"e-con-inner\">\n\t\t\t\t<div class=\"elementor-element elementor-element-0f7b5d6 elementor-widget elementor-widget-ee-breadcrumbs\" data-id=\"0f7b5d6\" data-element_type=\"widget\" data-e-type=\"widget\" data-widget_type=\"ee-breadcrumbs.default\">\n\t\t\t\t<div class=\"elementor-widget-container\">\n\t\t\t\t\t<ul class=\"ee-breadcrumbs\" itemscope=\"\" itemtype=\"http:\/\/schema.org\/BreadcrumbList\"><\/ul>\t\t\t\t<\/div>\n\t\t\t\t<\/div>\n\t\t\t\t\t<\/div>\n\t\t\t\t<\/div>\n\t\t<div class=\"elementor-element elementor-element-4563ba4 title-section e-flex e-con-boxed e-con e-parent\" data-id=\"4563ba4\" data-element_type=\"container\" data-e-type=\"container\">\n\t\t\t\t\t<div class=\"e-con-inner\">\n\t\t<div class=\"elementor-element elementor-element-def08d7 e-flex e-con-boxed e-con e-child\" data-id=\"def08d7\" data-element_type=\"container\" data-e-type=\"container\">\n\t\t\t\t\t<div class=\"e-con-inner\">\n\t\t\t\t<div class=\"elementor-element elementor-element-03e34aa elementor-widget elementor-widget-heading\" data-id=\"03e34aa\" data-element_type=\"widget\" data-e-type=\"widget\" data-widget_type=\"heading.default\">\n\t\t\t\t<div class=\"elementor-widget-container\">\n\t\t\t\t\t<h1 class=\"elementor-heading-title elementor-size-default\"><span>Praxisleitf\u00e4den<\/span> zur St\u00e4rkung der Gesundheits&shy;kompetenz<\/h1>\t\t\t\t<\/div>\n\t\t\t\t<\/div>\n\t\t\t\t<div class=\"elementor-element elementor-element-6e99ab8 intro elementor-widget elementor-widget-text-editor\" data-id=\"6e99ab8\" data-element_type=\"widget\" data-e-type=\"widget\" data-widget_type=\"text-editor.default\">\n\t\t\t\t<div class=\"elementor-widget-container\">\n\t\t\t\t\t\t\t\t\t<p>Die Praxisleitf\u00e4den bieten eine Anleitung mit Fallbeispielen, Vorlagen, Checklisten und Handzetteln zur Umsetzung von Tools.<\/p>\t\t\t\t\t\t\t\t<\/div>\n\t\t\t\t<\/div>\n\t\t\t\t\t<\/div>\n\t\t\t\t<\/div>\n\t\t\t\t\t<\/div>\n\t\t\t\t<\/div>\n\t\t\t\t<section class=\"elementor-section elementor-top-section elementor-element elementor-element-d1fc03d publications-grid-section elementor-section-boxed elementor-section-height-default elementor-section-height-default\" data-id=\"d1fc03d\" data-element_type=\"section\" data-e-type=\"section\">\n\t\t\t\t\t\t<div class=\"elementor-container elementor-column-gap-no\">\n\t\t\t\t\t<div class=\"elementor-column elementor-col-100 elementor-top-column elementor-element elementor-element-2781871\" data-id=\"2781871\" data-element_type=\"column\" data-e-type=\"column\">\n\t\t\t<div class=\"elementor-widget-wrap elementor-element-populated\">\n\t\t\t\t\t\t<div class=\"elementor-element elementor-element-c83c42c elementor-widget elementor-widget-dynamic-posts\" data-id=\"c83c42c\" data-element_type=\"widget\" data-e-type=\"widget\" data-widget_type=\"dynamic-posts.default\">\n\t\t\t\t<div class=\"elementor-widget-container\">\n\t\t\t\t\t    \n        \n      <div\n        class=\"cc-dynamic-posts\"\n        id=\"cc-dynamic-posts-c83c42c\"\n                        data-template=\"727\"\n                data-layout-type=\"masonry\"\n        data-items='[{\"id\":3118,\"categories\":[]},{\"id\":3134,\"categories\":[]},{\"id\":3135,\"categories\":[]},{\"id\":3139,\"categories\":[]},{\"id\":3136,\"categories\":[]},{\"id\":3137,\"categories\":[]},{\"id\":3138,\"categories\":[]}]'\n        data-ajax-url=\"https:\/\/www.aok.de\/plus-ewiko\/wp-content\/plugins\/dynamic-posts\/widgets\/..\/ajax\/render_items.php\"\n        >\n\n              <div class=\"dynamic-post-progress\">\n        <div class=\"dynamic-post-progress-spinner\"><\/div>\n      <\/div>\n          <div\n      class=\"dynamic-post-grid masonry\"\n      data-options='{\"columns\":{\"mobile\":{\"breakpoint\":0,\"value\":3},\"tablet\":{\"breakpoint\":768,\"value\":2},\"desktop\":{\"breakpoint\":1025,\"value\":3}},\"columnGap\":32}'>\n    <\/div>\n        <\/div>\n    \t\t\t\t<\/div>\n\t\t\t\t<\/div>\n\t\t\t\t\t<\/div>\n\t\t<\/div>\n\t\t\t\t\t<\/div>\n\t\t<\/section>\n\t\t\t\t<\/div>\n\t\t","protected":false},"excerpt":{"rendered":"<p>Praxisleitf\u00e4den zur St\u00e4rkung der Gesundheits&shy;kompetenz Die Praxisleitf\u00e4den bieten eine Anleitung mit Fallbeispielen, Vorlagen, Checklisten und Handzetteln zur Umsetzung von Tools.<\/p>\n","protected":false},"author":1,"featured_media":0,"parent":34,"menu_order":0,"comment_status":"closed","ping_status":"closed","template":"","meta":{"_acf_changed":false,"inline_featured_image":false,"footnotes":""},"class_list":["post-3095","page","type-page","status-publish","hentry"],"acf":[],"_links":{"self":[{"href":"https:\/\/www.aok.de\/plus-ewiko\/wp-json\/wp\/v2\/pages\/3095","targetHints":{"allow":["GET"]}}],"collection":[{"href":"https:\/\/www.aok.de\/plus-ewiko\/wp-json\/wp\/v2\/pages"}],"about":[{"href":"https:\/\/www.aok.de\/plus-ewiko\/wp-json\/wp\/v2\/types\/page"}],"author":[{"embeddable":true,"href":"https:\/\/www.aok.de\/plus-ewiko\/wp-json\/wp\/v2\/users\/1"}],"replies":[{"embeddable":true,"href":"https:\/\/www.aok.de\/plus-ewiko\/wp-json\/wp\/v2\/comments?post=3095"}],"version-history":[{"count":6,"href":"https:\/\/www.aok.de\/plus-ewiko\/wp-json\/wp\/v2\/pages\/3095\/revisions"}],"predecessor-version":[{"id":3315,"href":"https:\/\/www.aok.de\/plus-ewiko\/wp-json\/wp\/v2\/pages\/3095\/revisions\/3315"}],"up":[{"embeddable":true,"href":"https:\/\/www.aok.de\/plus-ewiko\/wp-json\/wp\/v2\/pages\/34"}],"wp:attachment":[{"href":"https:\/\/www.aok.de\/plus-ewiko\/wp-json\/wp\/v2\/media?parent=3095"}],"curies":[{"name":"wp","href":"https:\/\/api.w.org\/{rel}","templated":true}]}}