{"id":1440,"date":"2021-10-11T19:06:37","date_gmt":"2021-10-11T17:06:37","guid":{"rendered":"https:\/\/www.aok.de\/plus-ewiko\/plus-ewiko\/?page_id=1440"},"modified":"2023-07-14T17:55:19","modified_gmt":"2023-07-14T15:55:19","slug":"selbstchecks","status":"publish","type":"page","link":"https:\/\/www.aok.de\/plus-ewiko\/produkte\/selbstchecks\/","title":{"rendered":"Selbstchecks"},"content":{"rendered":"\t\t<div data-elementor-type=\"wp-page\" data-elementor-id=\"1440\" class=\"elementor elementor-1440\" data-elementor-post-type=\"page\">\n\t\t\t\t<div class=\"elementor-element elementor-element-7a5447c e-flex e-con-boxed e-con e-parent\" data-id=\"7a5447c\" data-element_type=\"container\" data-e-type=\"container\">\n\t\t\t\t\t<div class=\"e-con-inner\">\n\t\t\t\t<div class=\"elementor-element elementor-element-03d416d elementor-widget elementor-widget-ee-breadcrumbs\" data-id=\"03d416d\" data-element_type=\"widget\" data-e-type=\"widget\" data-widget_type=\"ee-breadcrumbs.default\">\n\t\t\t\t<div class=\"elementor-widget-container\">\n\t\t\t\t\t<ul class=\"ee-breadcrumbs\" itemscope=\"\" itemtype=\"http:\/\/schema.org\/BreadcrumbList\"><\/ul>\t\t\t\t<\/div>\n\t\t\t\t<\/div>\n\t\t\t\t\t<\/div>\n\t\t\t\t<\/div>\n\t\t<div class=\"elementor-element elementor-element-659f640 title-section e-flex e-con-boxed e-con e-parent\" data-id=\"659f640\" data-element_type=\"container\" data-e-type=\"container\">\n\t\t\t\t\t<div class=\"e-con-inner\">\n\t\t<div class=\"elementor-element elementor-element-1934d03 e-flex e-con-boxed e-con e-parent\" data-id=\"1934d03\" data-element_type=\"container\" data-e-type=\"container\">\n\t\t\t\t\t<div class=\"e-con-inner\">\n\t\t\t\t<div class=\"elementor-element elementor-element-621cfc3 elementor-widget elementor-widget-heading\" data-id=\"621cfc3\" data-element_type=\"widget\" data-e-type=\"widget\" data-widget_type=\"heading.default\">\n\t\t\t\t<div class=\"elementor-widget-container\">\n\t\t\t\t\t<h1 class=\"elementor-heading-title elementor-size-default\">Die <span>Selbstchecks<\/span> zur Gesundheits&shy;kompetenz<\/h1>\t\t\t\t<\/div>\n\t\t\t\t<\/div>\n\t\t\t\t<div class=\"elementor-element elementor-element-2ff3faa elementor-widget elementor-widget-text-editor\" data-id=\"2ff3faa\" data-element_type=\"widget\" data-e-type=\"widget\" data-widget_type=\"text-editor.default\">\n\t\t\t\t<div class=\"elementor-widget-container\">\n\t\t\t\t\t\t\t\t\t<p>Sie k\u00f6nnen den Selbstcheck direkt auf dieser Webseite durchf\u00fchren und erhalten sofort das Ergebnis f\u00fcr Ihre Einrichtung.<\/p>\t\t\t\t\t\t\t\t<\/div>\n\t\t\t\t<\/div>\n\t\t\t\t\t<\/div>\n\t\t\t\t<\/div>\n\t\t\t\t\t<\/div>\n\t\t\t\t<\/div>\n\t\t<div class=\"elementor-element elementor-element-25b810e step-navigation-section e-flex e-con-boxed e-con e-parent\" data-id=\"25b810e\" data-element_type=\"container\" data-e-type=\"container\">\n\t\t\t\t\t<div class=\"e-con-inner\">\n\t\t<div class=\"elementor-element elementor-element-9d4cdb8 e-flex e-con-boxed e-con e-parent\" data-id=\"9d4cdb8\" data-element_type=\"container\" data-e-type=\"container\">\n\t\t\t\t\t<div class=\"e-con-inner\">\n\t\t\t\t<div class=\"elementor-element elementor-element-9d22a64 elementor-widget elementor-widget-heading\" data-id=\"9d22a64\" data-element_type=\"widget\" data-e-type=\"widget\" data-widget_type=\"heading.default\">\n\t\t\t\t<div class=\"elementor-widget-container\">\n\t\t\t\t\t<h2 class=\"elementor-heading-title elementor-size-default\">Auswahl des digitalen Selbstchecks<\/h2>\t\t\t\t<\/div>\n\t\t\t\t<\/div>\n\t\t\t\t<div class=\"elementor-element elementor-element-9bbd133 elementor-widget elementor-widget-text-editor\" data-id=\"9bbd133\" data-element_type=\"widget\" data-e-type=\"widget\" data-widget_type=\"text-editor.default\">\n\t\t\t\t<div class=\"elementor-widget-container\">\n\t\t\t\t\t\t\t\t\t<p>Bitte w\u00e4hlen Sie nun den f\u00fcr Ihre Einrichtungsart passenden digitalen Selbstcheck aus und f\u00fcllen Sie diesen alleine oder gemeinsam mit der AG Gesundheitskompetenz auf der Webseite aus. <strong>Bitte speichern Sie das Ergebnis des digitalen Selbstchecks ab und bewahren Sie dieses gut auf.<\/strong>\u00a0<a name=\"_TOC_250003\"><\/a><\/p>\t\t\t\t\t\t\t\t<\/div>\n\t\t\t\t<\/div>\n\t\t\t\t\t<\/div>\n\t\t\t\t<\/div>\n\t\t<div class=\"elementor-element elementor-element-57cf0ea links e-flex e-con-boxed e-con e-parent\" data-id=\"57cf0ea\" data-element_type=\"container\" data-e-type=\"container\">\n\t\t\t\t\t<div class=\"e-con-inner\">\n\t\t<a class=\"elementor-element elementor-element-eecbe24 e-flex e-con-boxed e-con e-parent\" data-id=\"eecbe24\" data-element_type=\"container\" data-e-type=\"container\" href=\"https:\/\/www.aok.de\/plus-ewiko\/produkte\/selbstcheck-krankenhaus\">\n\t\t\t\t\t<div class=\"e-con-inner\">\n\t\t\t\t<div class=\"elementor-element elementor-element-d0cffad elementor-widget elementor-widget-heading\" data-id=\"d0cffad\" data-element_type=\"widget\" data-e-type=\"widget\" data-widget_type=\"heading.default\">\n\t\t\t\t<div class=\"elementor-widget-container\">\n\t\t\t\t\t<h3 class=\"elementor-heading-title elementor-size-default\">Selbstcheck f\u00fcr Krankenh\u00e4user<\/h3>\t\t\t\t<\/div>\n\t\t\t\t<\/div>\n\t\t\t\t\t<\/div>\n\t\t\t\t<\/a>\n\t\t<a class=\"elementor-element elementor-element-e16cc3b e-flex e-con-boxed e-con e-parent\" data-id=\"e16cc3b\" data-element_type=\"container\" data-e-type=\"container\" href=\"https:\/\/www.aok.de\/plus-ewiko\/produkte\/selbstcheck-pflege\">\n\t\t\t\t\t<div class=\"e-con-inner\">\n\t\t\t\t<div class=\"elementor-element elementor-element-1040964 elementor-widget elementor-widget-heading\" data-id=\"1040964\" data-element_type=\"widget\" data-e-type=\"widget\" data-widget_type=\"heading.default\">\n\t\t\t\t<div class=\"elementor-widget-container\">\n\t\t\t\t\t<h3 class=\"elementor-heading-title elementor-size-default\">Selbstcheck f\u00fcr Pflegeeinrichtungen<\/h3>\t\t\t\t<\/div>\n\t\t\t\t<\/div>\n\t\t\t\t\t<\/div>\n\t\t\t\t<\/a>\n\t\t<a class=\"elementor-element elementor-element-2c3117b e-flex e-con-boxed e-con e-parent\" data-id=\"2c3117b\" data-element_type=\"container\" data-e-type=\"container\" href=\"https:\/\/www.aok.de\/plus-ewiko\/produkte\/selbstcheck-eingliederungshilfe\">\n\t\t\t\t\t<div class=\"e-con-inner\">\n\t\t\t\t<div class=\"elementor-element elementor-element-6c2ac2a elementor-widget elementor-widget-heading\" data-id=\"6c2ac2a\" data-element_type=\"widget\" data-e-type=\"widget\" data-widget_type=\"heading.default\">\n\t\t\t\t<div class=\"elementor-widget-container\">\n\t\t\t\t\t<h3 class=\"elementor-heading-title elementor-size-default\">Selbstcheck f\u00fcr Wohneinrichtungen der Eingliederungshilfe<\/h3>\t\t\t\t<\/div>\n\t\t\t\t<\/div>\n\t\t\t\t\t<\/div>\n\t\t\t\t<\/a>\n\t\t<a class=\"elementor-element elementor-element-bc60c9f e-flex e-con-boxed e-con e-parent\" data-id=\"bc60c9f\" data-element_type=\"container\" data-e-type=\"container\" href=\"https:\/\/www.aok.de\/plus-ewiko\/produkte\/selbstcheck-werkstatt\">\n\t\t\t\t\t<div class=\"e-con-inner\">\n\t\t\t\t<div class=\"elementor-element elementor-element-64dbcf6 elementor-widget elementor-widget-heading\" data-id=\"64dbcf6\" data-element_type=\"widget\" data-e-type=\"widget\" data-widget_type=\"heading.default\">\n\t\t\t\t<div class=\"elementor-widget-container\">\n\t\t\t\t\t<h3 class=\"elementor-heading-title elementor-size-default\">Selbstcheck f\u00fcr Werkst\u00e4tten f\u00fcr Menschen mit Behinderung<\/h3>\t\t\t\t<\/div>\n\t\t\t\t<\/div>\n\t\t\t\t\t<\/div>\n\t\t\t\t<\/a>\n\t\t<a class=\"elementor-element elementor-element-89b576a e-flex e-con-boxed e-con e-parent\" data-id=\"89b576a\" data-element_type=\"container\" data-e-type=\"container\" href=\"https:\/\/www.aok.de\/plus-ewiko\/produkte\/selbstcheck-leichte-sprache\">\n\t\t\t\t\t<div class=\"e-con-inner\">\n\t\t\t\t<div class=\"elementor-element elementor-element-c8e7c64 elementor-widget elementor-widget-heading\" data-id=\"c8e7c64\" data-element_type=\"widget\" data-e-type=\"widget\" data-widget_type=\"heading.default\">\n\t\t\t\t<div class=\"elementor-widget-container\">\n\t\t\t\t\t<h3 class=\"elementor-heading-title elementor-size-default\">Selbstcheck in Leichter Sprache<\/h3>\t\t\t\t<\/div>\n\t\t\t\t<\/div>\n\t\t\t\t\t<\/div>\n\t\t\t\t<\/a>\n\t\t\t\t\t<\/div>\n\t\t\t\t<\/div>\n\t\t\t\t\t<\/div>\n\t\t\t\t<\/div>\n\t\t\t\t<\/div>\n\t\t","protected":false},"excerpt":{"rendered":"<p>Die Selbstchecks zur Gesundheits&shy;kompetenz Sie k\u00f6nnen den Selbstcheck direkt auf dieser Webseite durchf\u00fchren und erhalten sofort das Ergebnis f\u00fcr Ihre Einrichtung. Auswahl des digitalen Selbstchecks Bitte w\u00e4hlen Sie nun den f\u00fcr Ihre Einrichtungsart passenden digitalen Selbstcheck aus und f\u00fcllen Sie diesen alleine oder gemeinsam mit der AG Gesundheitskompetenz auf der Webseite aus. Bitte speichern Sie [&hellip;]<\/p>\n","protected":false},"author":1,"featured_media":0,"parent":34,"menu_order":0,"comment_status":"closed","ping_status":"closed","template":"","meta":{"_acf_changed":false,"inline_featured_image":false,"footnotes":""},"class_list":["post-1440","page","type-page","status-publish","hentry"],"acf":[],"_links":{"self":[{"href":"https:\/\/www.aok.de\/plus-ewiko\/wp-json\/wp\/v2\/pages\/1440","targetHints":{"allow":["GET"]}}],"collection":[{"href":"https:\/\/www.aok.de\/plus-ewiko\/wp-json\/wp\/v2\/pages"}],"about":[{"href":"https:\/\/www.aok.de\/plus-ewiko\/wp-json\/wp\/v2\/types\/page"}],"author":[{"embeddable":true,"href":"https:\/\/www.aok.de\/plus-ewiko\/wp-json\/wp\/v2\/users\/1"}],"replies":[{"embeddable":true,"href":"https:\/\/www.aok.de\/plus-ewiko\/wp-json\/wp\/v2\/comments?post=1440"}],"version-history":[{"count":0,"href":"https:\/\/www.aok.de\/plus-ewiko\/wp-json\/wp\/v2\/pages\/1440\/revisions"}],"up":[{"embeddable":true,"href":"https:\/\/www.aok.de\/plus-ewiko\/wp-json\/wp\/v2\/pages\/34"}],"wp:attachment":[{"href":"https:\/\/www.aok.de\/plus-ewiko\/wp-json\/wp\/v2\/media?parent=1440"}],"curies":[{"name":"wp","href":"https:\/\/api.w.org\/{rel}","templated":true}]}}